0*q = -300. Suppose -128 = -5*j + 24*d - 26*d, -2*d + q = 2*j. Calculate the remainder when 96 is divided by j.
18
Let m(v) be the first derivative of -5*v**2/2 + v - 1. What is the remainder when m(-13) is divided by (-2 + -1)/((-264)/51 + 5)?
15
Suppose 4*h - 16 = 4. Suppose -h*i = 5*y - 35, -5*i + 20 = 2*y - 9. Suppose 16 = -0*k + y*k. What is the remainder when 23 is divided by k?
7
Let b(r) = -2*r**3 - 14*r + 741. What is the remainder when b(0) is divided by 31?
28
Let k = 296 + -288. Let b(z) = 11*z**2 - 3*z - 2. Let x be ((-3 - -4)*-2)/(-1). Calculate the remainder when b(x) is divided by k.
4
Let a be (15246/264)/((-1)/(-8)). Let o = a + -383. What is the remainder when 393 is divided by o?
77
Let h be -3*(2 - (-28)/(-12)). Let m(i) = -i - 24. Let j be m(-5). Calculate the remainder when j/3*(6/(-2))/h is divided by 13.
6
Suppose 2432 = 127*a - 2386 - 4707. Suppose -5*y = -56 - 44. What is the remainder when a is divided by y?
15
Suppose 2*s - 1910 = -5*i, 2*i - 2*s = -55 + 819. What is the remainder when (-25)/15*450/(-6) is divided by 2/12 + i/12?
29
Suppose -173 = -4*r + 49*k - 48*k, 2*k = -2*r + 84. Calculate the remainder when 1479/(-58)*20/(-3) is divided by r.
41
Suppose 5*i - 235 = -2*r + 254, 0 = -5*r + 10. Let k(g) = -87*g**2 - 96*g**2 + 198*g**2 - 1. What is the remainder when i is divided by k(-1)?
13
Calculate the remainder when 10/(-6) + (3 - 15200/(-30)) is divided by 9.
4
Let y(l) = 4*l**2 - 27*l + 17. Let u(t) = -4*t**2 + 28*t - 15. Let s(k) = -5*u(k) - 4*y(k). What is the remainder when 24 is divided by s(8)?
3
Calculate the remainder when 398 is divided by 5 + -2 + 47 + 8.
50
Let q(x) = 2*x**3 - 4*x - 321. Let d(l) = -3*l**3 + 6*l + 482. Let v(t) = -5*d(t) - 8*q(t). What is the remainder when v(0) is divided by 53?
52
Let b(j) = -8*j - 44. Let u = -166 - -304. Calculate the remainder when u is divided by b(-8).
18
Let p = 1737 + -1681. Calculate the remainder when 332 is divided by p.
52
Let s = -102447 - -102469. Let p = 3 + -5. What is the remainder when (-1)/(-2)*(p - -304) is divided by s?
19
Suppose 0 = -18*r + 7*r + 176. Let n(u) = 2*u**3 - 32*u**2 + u - 2. Calculate the remainder when 25 is divided by n(r).
11
Suppose -4*p - 82 = -2*g, p - 4*p + 66 = g. Suppose 282 = l + 3*c + 267, -3*l - 3*c + 69 = 0. What is the remainder when g is divided by l?
24
Suppose 116*v + 141*v - 929 + 158 = 0. What is the remainder when 776 is divided by v?
2
Suppose 4*k = 972 - 389 + 1053. What is the remainder when k is divided by 198?
13
What is the remainder when 86 is divided by 220/9 + 3612/2322?
8
Suppose 130 = -7*q + 17*q. Suppose -z = -q*z + 696. Calculate the remainder when 111 is divided by z.
53
Suppose 46*w - 80 = 41*w. Suppose -21*g = -w*g - 20. Suppose 0 = s + 2*s - g*c - 20, 3*s + c = 25. Calculate the remainder when 52 is divided by s.
4
Let n = -12058 + 18563. Calculate the remainder when n is divided by 1299.
10
Suppose 4*h - 30 = -3*q - 10, 3*h - 26 = -5*q. Suppose -q*r + 52 = -2*p, r + 3*p = 2*p + 19. What is the remainder when ((-285)/(-25))/(4/20) is divided by r?
12
Suppose 983 = 14*j - 1005. Let c = j + -33. Calculate the remainder when c is divided by 31.
16
Let j(g) = g**2 - 941*g - 7574. Calculate the remainder when 2192 is divided by j(-8).
14
Let p = 17055 + -13027. Calculate the remainder when p is divided by 155.
153
Calculate the remainder when 459 is divided by ((-434)/1364 + 2/(-11))*-422.
37
Suppose 14*o - 6171 = -4981. What is the remainder when 1781 is divided by o?
81
Suppose -22*a - 1500 = 8*a. Suppose -4*m - 5*q = 163, 2*q = -0 - 6. Let f = m - a. Calculate the remainder when 23 is divided by f.
10
Suppose y = -b + 42 - 6, -3*b = -2*y + 87. Let r be (2 + 0)/((-6)/21). Let w(x) = x**2 + 6*x + 7. What is the remainder when y is divided by w(r)?
11
Suppose -79*j + 46*j + 363 = 0. Calculate the remainder when 903/21 + -6 + 0 is divided by j.
4
Let g(q) be the first derivative of -q**4/4 - 20*q**3/3 - 22*q**2 - 28*q + 152. What is the remainder when g(-18) is divided by 17?
14
Suppose 10*j + 7 = 11*j. Let g(o) = -4*o + 14*o**2 - 3 + 3*o - 8 - j*o - o**3. What is the remainder when g(13) is divided by 11?
10
Let u = 2743 - 2056. What is the remainder when u is divided by 43?
42
Calculate the remainder when (-1)/(-24) - (-1546807)/984 is divided by 38.
14
Suppose -6*z = -z + 20. What is the remainder when (-178)/z + (-7)/14 is divided by -1 - (-11 + (-10 - -8))?
8
Suppose -s + t = -768, 4*s = -0*s + t + 3072. Suppose -f + 7*f - s = 0. What is the remainder when f is divided by 26?
24
Let k = 560 + -404. Suppose k = -m + 13*m. Let b(d) = d**2 + d + 4. Calculate the remainder when b(-9) is divided by m.
11
Let o = 873 + -602. Let q = o - 214. What is the remainder when q is divided by 29?
28
Let s be (-1)/(-1)*(-12 - -1). Let q = s - -16. Suppose 3*o = 19 + q. What is the remainder when 12 is divided by o?
4
Suppose -q = 3*p - 173, -4*q + 6*p - 5*p = -718. Calculate the remainder when q is divided by 26.
23
Let z be -9*(0 - 3/(-1)). Let v be (-36)/z*(-2)/(8/6). What is the remainder when 79 is divided by 2*v/16 - (-436)/16?
25
Let a be 1 - 0 - 9/((-9)/2). Suppose 5 = v - a. Suppose -4*g + t + v = -110, 0 = -4*g - 5*t + 130. Calculate the remainder when g is divided by 20.
10
Let p(k) = 195*k + 809. What is the remainder when p(3) is divided by 155?
154
Suppose -5*o + 75 = 2*r - 4*o, 2*o + 170 = 4*r. Suppose -24 + 64 = 5*j. Let s(x) = x**3 - 9*x**2 + 11*x - 18. Calculate the remainder when r is divided by s(j).
4
Let l be 20/50 - 1004/10. Let f = -60 - l. What is the remainder when (-1)/5 - (-4168)/f is divided by 27?
23
Let f(m) = 95*m**2. Let v be 2 - 3 - (-124)/(20/5). Suppose v*j - 144 = 24*j. What is the remainder when f(-1) is divided by j?
23
Let r(w) = 2*w. Let h(y) = -72*y + 40. Let b(d) = h(d) + 24*r(d). Calculate the remainder when b(-4) is divided by 20.
16
What is the remainder when 2540 is divided by 207/(-345)*(-2320)/12?
104
Suppose -y - 117 = -3*v, 4*v - 7*y = -4*y + 156. Calculate the remainder when 2994 is divided by v.
30
Suppose 3159 = 4*z + s - 154, z + 2*s = 823. Calculate the remainder when z is divided by 244.
97
Let g(j) be the second derivative of -5*j**3/6 - 4*j**2 + 21*j. Let n be g(-2). Suppose 0 = n*t - 0*t - 172. Calculate the remainder when t is divided by 9.
5
Suppose 655 = 104*m - 1113. Calculate the remainder when 82 is divided by m.
14
Let i(n) = 57*n**2 - 5*n - 2. Let q be i(-1). Suppose 6 = -2*j + 2, -3*o + 3*j = -q. What is the remainder when 249 is divided by o?
15
Suppose 7*r = -14*r + 1197. Let m = r + 18. Calculate the remainder when m is divided by 4.
3
Let p(m) = -2*m**2 + 1 + 7*m**3 - 28*m**3 - 4*m**3. Calculate the remainder when 13*(-111)/(-21) - 118/(-413) is divided by p(-1).
21
Let h(k) = -k**3 + 44*k**2 - 310*k - 62. Calculate the remainder when 2816 is divided by h(35).
104
What is the remainder when 411 is divided by 12/10 + -1 - (7 + 1254/(-30))?
26
Let a = 15765 - 15744. Calculate the remainder when 7428 is divided by a.
15
Let m(s) = 210*s + 146. Let n(q) = -42*q - 29. Let t(y) = -3*m(y) - 14*n(y). What is the remainder when t(-3) is divided by 9?
4
Let d be 4*(-3)/(-24)*0/(-7). Suppose d = b - 3*b + 118. What is the remainder when b is divided by 10?
9
Suppose 12 = 4*n - 0*n. Suppose 0 = 2*y - 8, -n*k + 2*y + 13 = 3*y. Let r(g) = -g**2 + 7*g - 5. Calculate the remainder when 19 is divided by r(k).
5
Let w(f) = -190*f + 1999. What is the remainder when w(10) is divided by 19?
4
Let q be ((-1)/2)/((-6)/(-1944)). Let h = q + 197. Calculate the remainder when h is divided by 14.
7
Let g(w) = -4*w**2 + 28*w - 1. Suppose -24*n = -23*n + 3*v, -8 = 4*v. Suppose -6*t + 39 = -3*t. What is the remainder when g(n) is divided by t?
10
Let d(w) be the first derivative of 3*w**2/2 + 67*w - 110. What is the remainder when 439 is divided by d(-19)?
9
Let o be ((-2)/4)/(10/20). Let f be (-15)/(-5) + o/1. Suppose 40 = f*i - v + 5*v, -40 = -2*i + 4*v. What is the remainder when i is divided by 11?
9
Let t be ((-2765)/(-4))/5 - 4/16. Suppose t*z = 110*z + 3808. What is the remainder when z is divided by 19?
3
Let s(r) = 2. Let w(t) = -40*t - 14. Let x(f) = 14*s(f) + 2*w(f). Let g(o) = -8488*o - 25423. What is the remainder when x(-2) is divided by g(-3)?
37
